{"id":291,"date":"2011-10-25T10:51:25","date_gmt":"2011-10-25T10:51:25","guid":{"rendered":"https:\/\/zzzfilm.com\/zzz\/?page_id=291"},"modified":"2025-03-26T13:31:06","modified_gmt":"2025-03-26T12:31:06","slug":"radio","status":"publish","type":"page","link":"https:\/\/zzzfilm.com\/zzz\/radio\/","title":{"rendered":"Radio"},"content":{"rendered":"\n<p><\/p>\n\n\n\n<p>2020<\/p>\n\n\n\n<p>Bindungslos<br>Eine freih\u00e4ndige Familienaufstellung<\/p>\n\n\n\n<p>Dokumentarisches H\u00f6rspiel von Martin Zawadzki<br>55 Minuten, WDR und Deutschlandfunk Kultur 2020<br>Redaktion: Thomas Nachtigall<br>Regie: Nikolai von Koslowski<\/p>\n\n\n\n<p>2014<\/p>\n\n\n\n<p>Ohne Grenzen<br>Die Erforschung au\u00dfergew\u00f6hnlicher Bewusstseinszust\u00e4nde<\/p>\n\n\n\n<p>Ein Feature von Martin Zawadzki<br>55 Minuten, WDR 2014<br>Redaktion: J\u00f6rg Schl\u00fcter<br>Regie: Annette Blaschke, Michael Becker<\/p>\n\n\n\n<p>2011<\/p>\n\n\n\n<p>Kindesmisshandlung<br>Wenn Gewalt das Leben bestimmt<\/p>\n\n\n\n<p>Ein Feature von Martin Zawadzki<br>53 Minuten, WDR 2011<br>Redaktion: Dorothea Runge<br>Regie: Philippe Bruehl<\/p>\n\n\n\n<p>2010<\/p>\n\n\n\n<p>Der Gaukler<br>Das wechselvolle Leben des DDR-Bestsellerautoren Harry Th\u00fcrk<\/p>\n\n\n\n<p>Ein Feature von Martin Zawadzki<br>55 Minuten, MDR 2010<br>Redaktion: Henry Bernhard<br>Regie: Kathrin Aehnlich<\/p>\n\n\n\n<p>2009<\/p>\n\n\n\n<p>Die Briefe des Joe Colburn<br>Politisches Bewusstsein in Deutschland nach 1945<\/p>\n\n\n\n<p>Ein Feature von Martin Zawadzki<br>55 Minuten, SWR 2009<br>Redaktion: Wolfram Wessels<br>Regie: Ulrich Lampen<br> <\/p>\n\n\n\n<p>2008 \t  \t<\/p>\n\n\n\n<p>Das ist die Sonne &#8211; Das ist mein Leben<br>\nEin Logbuch<\/p>\n\n\n\n<p>H\u00f6rspiel von Martin Zawadzki<br>\n55 Minuten, Produktion: WDR 2008<br>\nRedaktion: Thomas Nachtigall<br>\nRegie: Nikolai von Koslowski<br>\nGer\u00e4uschkomposition: Karl Hoffmann<br>\ngef\u00f6rdert duch die Filmstiftung NRW<br>\n&#8222;Ich musste zu einem Tropfen werden, um den Ozean zu \u00fcberleben&#8220;<br>\nschrieb Hannes Lindemann, der in den 50er Jahren mit einem Faltboot den Atlantik \u00fcberquerte-<br>\nEin Satz, der den Autor nicht los lie\u00df.<br>\nAls sich im Nachlass des Dichters Christian Saalberg, dem Vater einer Freundin, neben<br>\n23 Gedichtb\u00e4nden auch ein Faltboot des gleichen Typs findet, beginnt am Landwehrkanal in Berlin<br>\neine Reise mit offenem Ausgang.<br>\nVorbei an den Zeugnissen deutscher Geschichte; durch die Wasseradern der Industrialisierung<br>\nund sp\u00e4ter \u00fcber offene See bewegt sich der Autor im Rhythmus von Paddel, Wellen und Regen,<br>\nund begegnet Menschen, die wie er auf der Suche nach sich selbst sind.<\/p>\n\n\n\n<p>2004 \t  \t<\/p>\n\n\n\n<p>HerzGedanken &#8211; Die Reise eines Organs<\/p>\n\n\n\n<p>Eine Spurensuche von Martin Zawadzki und Annett Meinke<br>\nRadiofeature, WDR<\/p>\n\n\n\n<p>Regie: Petra Feldhoff<br>Redaktion: Gisela Corves<br>Sendetermin: 23.05.2004 WDR3<\/p>\n\n\n\n<p>1998 \t  \t<\/p>\n\n\n\n<p>7 \u00c4rzte 1 Leiche<\/p>\n\n\n\n<p>Otto Prokop und die Gerichtsmedizin<br> Ein Feature von Elke Hauck und Martin Zawadzki<br> Radiofeature 55min.<\/p>\n\n\n\n<p>Regie: Hein Bruehl<br>Redaktion: Gisela Corves<br> WDR<\/p>\n\n\n\n<p>1996<\/p>\n\n\n\n<p>Tage der Isolation<\/p>\n\n\n\n<p>25 Tage in der Isolierstation einer Klinik<br> Ein Feature von Martin Zawadzki und Karl Hoffmann<br> Radiofeature 55min.<\/p>\n\n\n\n<p>Regie: Hein Bruehl<br>Redaktion: Gisela Corves<br> WDR, SFB, NDR<\/p>\n\n\n\n<p><\/p>\n","protected":false},"excerpt":{"rendered":"<p>2020 BindungslosEine freih\u00e4ndige Familienaufstellung Dokumentarisches H\u00f6rspiel von Martin Zawadzki55 Minuten, WDR und Deutschlandfunk Kultur 2020Redaktion: Thomas NachtigallRegie: Nikolai von Koslowski 2014 Ohne GrenzenDie Erforschung au\u00dfergew\u00f6hnlicher Bewusstseinszust\u00e4nde Ein Feature von Martin Zawadzki55 Minuten, WDR 2014Redaktion: J\u00f6rg Schl\u00fcterRegie: Annette Blaschke, Michael Becker &hellip; <a href=\"https:\/\/zzzfilm.com\/zzz\/radio\/\">Weiterlesen <span class=\"meta-nav\">&rarr;<\/span><\/a><\/p>\n","protected":false},"author":1,"featured_media":0,"parent":0,"menu_order":0,"comment_status":"open","ping_status":"open","template":"page_0.php","meta":{"footnotes":""},"class_list":["post-291","page","type-page","status-publish","hentry"],"_links":{"self":[{"href":"https:\/\/zzzfilm.com\/zzz\/wp-json\/wp\/v2\/pages\/291","targetHints":{"allow":["GET"]}}],"collection":[{"href":"https:\/\/zzzfilm.com\/zzz\/wp-json\/wp\/v2\/pages"}],"about":[{"href":"https:\/\/zzzfilm.com\/zzz\/wp-json\/wp\/v2\/types\/page"}],"author":[{"embeddable":true,"href":"https:\/\/zzzfilm.com\/zzz\/wp-json\/wp\/v2\/users\/1"}],"replies":[{"embeddable":true,"href":"https:\/\/zzzfilm.com\/zzz\/wp-json\/wp\/v2\/comments?post=291"}],"version-history":[{"count":8,"href":"https:\/\/zzzfilm.com\/zzz\/wp-json\/wp\/v2\/pages\/291\/revisions"}],"predecessor-version":[{"id":701,"href":"https:\/\/zzzfilm.com\/zzz\/wp-json\/wp\/v2\/pages\/291\/revisions\/701"}],"wp:attachment":[{"href":"https:\/\/zzzfilm.com\/zzz\/wp-json\/wp\/v2\/media?parent=291"}],"curies":[{"name":"wp","href":"https:\/\/api.w.org\/{rel}","templated":true}]}}